{"id":2924,"date":"2024-12-12T14:48:16","date_gmt":"2024-12-12T14:48:16","guid":{"rendered":"https:\/\/rauzette.md\/?post_type=product&#038;p=2924"},"modified":"2025-03-04T09:38:24","modified_gmt":"2025-03-04T09:38:24","slug":"servetele-din-celuloza-1-4","status":"publish","type":"product","link":"https:\/\/rauzette.md\/index.php\/product\/servetele-din-celuloza-1-4\/","title":{"rendered":"Servetele din celuloza 1\/4"},"content":{"rendered":"<blockquote>\n<ol>\n<li>Servetelele din celuloz\u0103 1\/4 sunt o alegere excelent\u0103 pentru uz cotidian sau ocazii speciale. Realizate din celuloz\u0103 de \u00eenalt\u0103 calitate, acestea asigur\u0103 o absorb\u021bie optim\u0103 \u0219i o senza\u021bie pl\u0103cut\u0103 la utilizare. Pliate \u00een 4 p\u0103r\u021bi, au o dimensiune convenabil\u0103 pentru a fi utilizate at\u00e2t la mas\u0103, c\u00e2t \u0219i pentru diverse activit\u0103\u021bi de cur\u0103\u021benie. Disponibile \u00eentr-o varietate de culori \u0219i stiluri, se integreaz\u0103 perfect \u00een orice decor, oferind func\u021bionalitate \u0219i un plus de elegan\u021b\u0103.<\/li>\n<\/ol>\n<\/blockquote>\n","protected":false},"excerpt":{"rendered":"<blockquote><p>Servetele din celuloza 1\/4<\/p><\/blockquote>\n<p>Format, cantitate si culoare:<\/p>\n<ul>\n<li>33 format (100buc) alb\/negru\/rosu\/galben\/verde\/orannge<\/li>\n<\/ul>\n","protected":false},"featured_media":3001,"comment_status":"open","ping_status":"closed","template":"","meta":[],"product_cat":[50,83,15],"product_tag":[],"class_list":{"0":"post-2924","1":"product","2":"type-product","3":"status-publish","4":"has-post-thumbnail","6":"product_cat-servetele","7":"product_cat-servetele-1-4","8":"product_cat-misc","9":"stm_brands-rauzette1","11":"first","12":"instock","13":"taxable","14":"shipping-taxable","15":"product-type-simple"},"_links":{"self":[{"href":"https:\/\/rauzette.md\/index.php\/wp-json\/wp\/v2\/product\/2924","targetHints":{"allow":["GET"]}}],"collection":[{"href":"https:\/\/rauzette.md\/index.php\/wp-json\/wp\/v2\/product"}],"about":[{"href":"https:\/\/rauzette.md\/index.php\/wp-json\/wp\/v2\/types\/product"}],"replies":[{"embeddable":true,"href":"https:\/\/rauzette.md\/index.php\/wp-json\/wp\/v2\/comments?post=2924"}],"wp:featuredmedia":[{"embeddable":true,"href":"https:\/\/rauzette.md\/index.php\/wp-json\/wp\/v2\/media\/3001"}],"wp:attachment":[{"href":"https:\/\/rauzette.md\/index.php\/wp-json\/wp\/v2\/media?parent=2924"}],"wp:term":[{"taxonomy":"product_cat","embeddable":true,"href":"https:\/\/rauzette.md\/index.php\/wp-json\/wp\/v2\/product_cat?post=2924"},{"taxonomy":"product_tag","embeddable":true,"href":"https:\/\/rauzette.md\/index.php\/wp-json\/wp\/v2\/product_tag?post=2924"}],"curies":[{"name":"wp","href":"https:\/\/api.w.org\/{rel}","templated":true}]}}