{"id":2824,"date":"2024-12-01T21:24:43","date_gmt":"2024-12-01T21:24:43","guid":{"rendered":"https:\/\/rauzette.md\/?post_type=product&#038;p=2824"},"modified":"2024-12-01T21:24:43","modified_gmt":"2024-12-01T21:24:43","slug":"servetele-pt-dispenser","status":"publish","type":"product","link":"https:\/\/rauzette.md\/index.php\/product\/servetele-pt-dispenser\/","title":{"rendered":"Servetele pt Dispenser"},"content":{"rendered":"<p><strong>\u0218erve\u021bele pentru Dispenser &#8211; igien\u0103 \u0219i practicitate la \u00eendem\u00e2n\u0103<\/strong><br \/>\n\u0218erve\u021belele pentru dispenser sunt perfecte pentru utilizare \u00een spa\u021bii comerciale si birouri. Conform standardelor de igien\u0103, aceste \u0219erve\u021bele sunt disponibile \u00eentr-un format compatibil cu dispenserele oferite gratuit, asigur\u00e2nd o dozare u\u0219oar\u0103, eficient\u0103 \u0219i f\u0103r\u0103 risip\u0103.<\/p>\n","protected":false},"excerpt":{"rendered":"<p><strong>\u0218erve\u021bele pentru Dispenser &#8211; igien\u0103 \u0219i practicitate la \u00eendem\u00e2n\u0103<\/strong><br \/>\n\u0218erve\u021belele pentru dispenser sunt perfecte pentru utilizare \u00een spa\u021bii comerciale si birouri. Conform standardelor de igien\u0103, aceste \u0219erve\u021bele sunt disponibile \u00eentr-un format compatibil cu dispenserele oferite gratuit, asigur\u00e2nd o dozare u\u0219oar\u0103, eficient\u0103 \u0219i f\u0103r\u0103 risip\u0103.<\/p>\n","protected":false},"featured_media":2829,"comment_status":"open","ping_status":"closed","template":"","meta":[],"product_cat":[50,15],"product_tag":[69,68,67],"class_list":{"0":"post-2824","1":"product","2":"type-product","3":"status-publish","4":"has-post-thumbnail","6":"product_cat-servetele","7":"product_cat-misc","8":"product_tag-dispensernaia","9":"product_tag-servetele","10":"product_tag-servetele-pentru-dispenser","11":"stm_brands-rauzette1","13":"first","14":"instock","15":"taxable","16":"shipping-taxable","17":"product-type-simple"},"_links":{"self":[{"href":"https:\/\/rauzette.md\/index.php\/wp-json\/wp\/v2\/product\/2824","targetHints":{"allow":["GET"]}}],"collection":[{"href":"https:\/\/rauzette.md\/index.php\/wp-json\/wp\/v2\/product"}],"about":[{"href":"https:\/\/rauzette.md\/index.php\/wp-json\/wp\/v2\/types\/product"}],"replies":[{"embeddable":true,"href":"https:\/\/rauzette.md\/index.php\/wp-json\/wp\/v2\/comments?post=2824"}],"wp:featuredmedia":[{"embeddable":true,"href":"https:\/\/rauzette.md\/index.php\/wp-json\/wp\/v2\/media\/2829"}],"wp:attachment":[{"href":"https:\/\/rauzette.md\/index.php\/wp-json\/wp\/v2\/media?parent=2824"}],"wp:term":[{"taxonomy":"product_cat","embeddable":true,"href":"https:\/\/rauzette.md\/index.php\/wp-json\/wp\/v2\/product_cat?post=2824"},{"taxonomy":"product_tag","embeddable":true,"href":"https:\/\/rauzette.md\/index.php\/wp-json\/wp\/v2\/product_tag?post=2824"}],"curies":[{"name":"wp","href":"https:\/\/api.w.org\/{rel}","templated":true}]}}